t q = -68 + 41. Let n = 47 + q. What is the greatest common factor of 30 and n?
10
Suppose 240 = 3*a + 2*a. Suppose 0 = -2*z - x + 8, -4*x - 5 = -13. Let o be ((-18)/(-4))/(z/8). Calculate the greatest common factor of o and a.
12
Let w be (11 + 0)/(2/(-14)). Let s = w - -212. Suppose 4*t = 5*h - 55, -t = 5*h + 2*t - 90. What is the highest common factor of h and s?
15
Let i be 10/(-3)*1818/(-15). Suppose 3*z + 5*n = -248, 10*z + i = 5*z + n. Let b = -45 - z. What is the greatest common factor of 4 and b?
4
Let n(c) = -c**2 + 6*c + 7. Let r be n(7). Let q(k) = -k + 14. Let v be q(r). Suppose -s = -3*s + v. Calculate the highest common factor of 7 and s.
7
Suppose j = -5*f + 13, -4*f = -3*j + 65 + 31. What is the highest common divisor of 21 and j?
7
Suppose 0 = 4*u - 4*z - 96, -2*u + 4*z = -7*u + 111. What is the highest common factor of 253 and u?
23
Let z be ((-7)/14)/((-3)/420). Calculate the greatest common divisor of z and 7.
7
Suppose -4*k + 13 = 1. Let x = -27 - -39. Suppose -k*d = -0*d - x. What is the greatest common factor of 4 and d?
4
Let w(y) = 45*y**2 - y + 1. Let b(h) = h**2 - 4*h + 1. Let l be b(4). Let t be w(l). Let q be ((-4)/8)/((-1)/60). What is the highest common divisor of q and t?
15
Let z be 15/(-10)*(-8)/2. What is the greatest common factor of 3 and z?
3
Let a be 1 + -2 - -42 - 3. Calculate the highest common factor of a and 38.
38
Suppose 3*x + 2*x - 5*u = 50, 5*x + 4*u = 50. Suppose -a - 316 = 5*g, 5*g + 2*a = -0*a - 317. Let k = g + 88. What is the greatest common factor of k and x?
5
Let x be 1 - -2*(3 - 2). Let d be (-10 + x)*(-5)/1. Suppose -t = -5*q + 1, -5*t = -d + 15. What is the highest common divisor of q and 11?
1
Let d = 8 - 0. Suppose n - 20 = d. What is the greatest common factor of n and 140?
28
Suppose -3*q + 23 - 8 = 0. Suppose -127 = -q*g - 32. Calculate the highest common divisor of 19 and g.
19
Let s = 12 + 24. Let o = -16 - -28. Let w be 1*-6*(-18)/o. Calculate the highest common divisor of w and s.
9
Let f be (1 + 6*13)*1. Suppose 413 + f = 4*i. Suppose 2*m = 2*t + 2*t + 92, -3*m + t = -i. What is the highest common divisor of m and 16?
8
Let k = -11 - -12. Suppose -4*p - k = -2*r - 17, -p + 4 = 2*r. What is the greatest common divisor of 10 and p?
2
Let k = -295 - -475. What is the greatest common divisor of k and 45?
45
Suppose 0*m - 29 = -m - 4*d, -3*d - 122 = -5*m. Calculate the highest common divisor of 10 and m.
5
Suppose -40 = 5*w - 10*w. Suppose -w = 5*c + 32. Let a = 12 + c. Calculate the greatest common factor of 6 and a.
2
Let w = 15 + -7. Calculate the highest common factor of w and 2.
2
Let o = -75 - -163. Let w = 147 - 104. Suppose 3*c + w = 5*s, 0 = -5*s + 4*c + 18 + 21. What is the greatest common divisor of s and o?
11
Let s = 0 - -4. Let r be (-2)/(-4) - (-2)/(-4). Suppose -g + 6*g - 20 = r. What is the highest common factor of g and s?
4
Let p = 31 + -16. Suppose -3*x - 25 = -t, -4*t - 5*x + 17 = -p. Calculate the highest common factor of t and 52.
13
Let n = 86 - 67. What is the greatest common divisor of 19 and n?
19
Let f be (12/(-2))/(8/(-28)). Calculate the highest common factor of f and 7.
7
Suppose 2*x - 4*c - 234 = -2*c, 0 = 4*x + 4*c - 500. Calculate the highest common divisor of x and 11.
11
Let w(r) = 12*r - 6. Let q be w(4). Calculate the highest common factor of 7 and q.
7
Suppose 2*l = -3*l + 180. Calculate the greatest common divisor of l and 24.
12
Suppose 5*o + 3*p - 89 = 0, -23 = -4*o + 5*p + 26. Let g(a) = -a**3 + 6*a**2 - 6*a + 7. Let k be g(5). Calculate the greatest common divisor of k and o.
2
Let w be 0 + (-20)/(-2) + -1. Suppose -7 = t + 5. Let c be 57/18 - (-2)/t. What is the greatest common factor of w and c?
3
Suppose u - 2*d + 523 = 4*u, 3*u - 5*d - 530 = 0. What is the highest common divisor of u and 25?
25
Let n = 143 - 133. What is the highest common divisor of 130 and n?
10
Suppose -4*j + 91 = 5*c, c + 40 + 33 = 3*j. What is the greatest common factor of 3 and j?
3
Let o(w) = -28*w**3 - 1. Let u be o(-1). Calculate the highest common divisor of u and 108.
27
Let p be (0 + 173)/(-8 + 9). Suppose 4*r = 3*z - p, 2*z - r = 5*z - 193. What is the greatest common divisor of 7 and z?
7
Let v(y) = -25*y**2 - 10*y - 1. Let w(c) = -17*c**2 - 7*c - 1. Let b(f) = -5*v(f) + 7*w(f). Let k be b(3). What is the greatest common factor of 22 and k?
11
Suppose -5*o + 2*h + 20 = 0, 3*h = -4*o - 2*h - 17. Calculate the highest common divisor of o and 6.
2
Let i be (1/3)/(5/105). Let d(f) = -f**2 + 11*f - 7. Let a be d(i). Let q = -1 - -8. What is the greatest common divisor of q and a?
7
Suppose -2*n + 10 + 34 = 0. What is the greatest common factor of n and 176?
22
Let z be -14*(-1)/(6/207). Suppose 3*u - z + 110 = -4*d, -d + 82 = -3*u. Calculate the highest common factor of 13 and d.
13
Suppose -5*c + 3*p = 5*p - 393, -3*c + 235 = p. What is the greatest common factor of 7 and c?
7
Let g be 1619/7 - (-10)/(-35). What is the highest common divisor of 21 and g?
21
Let x(p) = 49*p**2 + 3*p + 2. Let m be x(-1). Calculate the highest common factor of 8 and m.
8
Let v = -8 - -8. Suppose -q + v*q = -3. What is the highest common factor of 15 and q?
3
Let s(t) = -t**2 + 7*t + 10. Let v be s(7). Calculate the greatest common factor of v and 30.
10
Suppose 33 + 18 = -3*x. Let i = 7 - x. Suppose 2*f = -4, 0 = -4*z - z - f + 298. Calculate the greatest common divisor of z and i.
12
Suppose 4*f = 3*f + 18. Calculate the highest common divisor of f and 9.
9
Let i(g) = -g - 28. Let m be i(-32). What is the greatest common divisor of m and 36?
4
Suppose 4*s = -5*z + 174, 4*z + 4*s = 120 + 20. Suppose 128 = 3*c - z. Suppose -2*o + 5*o - c = 0. What is the highest common divisor of 2 and o?
2
Suppose f - 10 = -4*f. Let w be 4/f + 0/1. Suppose 28 = 5*c - 3*c. What is the highest common factor of w and c?
2
Suppose -6*m + 9 = -3*m. Let n = m - 3. Suppose 3*f + 3*v - 84 = -n*v, f = 4*v + 53. What is the highest common divisor of f and 3?
3
Suppose -3*q + 6 = -3. Let k be (-8)/(-12) - 97/(-3). Calculate the greatest common factor of q and k.
3
Let j(l) = l**2 + 17*l - 27. Let h be j(-19). Calculate the greatest common divisor of 11 and h.
11
Suppose -27 = 4*q - 99. Let i = -6 + q. Calculate the greatest common divisor of 18 and i.
6
Let z be (4 - 1)*(5 - 1). Suppose 4*p = -2*b, 2*b - 2*p - 19 = 11. Let d be (b + 1)*(4 - -8). Calculate the greatest common factor of z and d.
12
Suppose 0*d - d = -77. Suppose -4*i + 17 + 11 = 0. Calculate the greatest common factor of i and d.
7
Let z be (3 - 4) + (-2 - -15). What is the highest common divisor of z and 12?
12
Let v(a) = 7*a + 1. Let j be v(-1). Let l(w) = -2*w - 4. Let q be l(j). What is the greatest common divisor of 32 and q?
8
Suppose f - 5*v = -4*v - 57, -2*f - 2*v = 94. Let g be (2 - -1) + -5 - f. What is the highest common factor of g and 20?
10
Let t(l) = l + 7. Let o be t(-3). Suppose -o = -7*d + 5*d. Calculate the highest common factor of d and 6.
2
Let b be 5 - (-4 - 0/1). Let a = -3 - -7. Suppose -h = a*h - 45. Calculate the highest common factor of b and h.
9
Let o be -1 + 1*-2 + 6. Suppose -3*v + 4*r + 17 = 0, -2*r - 10 = -0*r. Let u be (7*(-2 - 1))/v. What is the greatest common factor of o and u?
3
Let o(k) = -4*k - 3. Let q be o(-5). Suppose z - 177 = -2*u, -u - 4*u - 586 = -3*z. What is the highest common divisor of z and q?
17
Suppose 30 = o - 2*a, -5*o = -o - a - 99. Let t(n) = 8*n. Let p be t(2). Calculate the greatest common factor of p and o.
8
Suppose -142 - 155 = -3*c. Suppose 5*s - 12 = -2. Suppose s*t - 4 = 18. Calculate the highest common factor of c and t.
11
Let s be 2 - (-2)/((-2)/2). Suppose 2*w - k + 0 - 21 = s, -4*k - 36 = -4*w. What is the greatest common divisor of 84 and w?
12
Let l = -30 - -60. Let x = 10 - 7. Let n = 7 + x. Calculate the greatest common divisor of l and n.
10
Suppose -112 = t - 5*t. Calculate the highest common factor of t and 28.
28
Let d = -3 - -2. Suppose 2*x + 3*x - 3*v = 0, 4*x - 2*v = 0. Let g be (-3 - 4)/(x + d). Calculate the highest common divisor of 49 and g.
7
Let k be -10*(-3 - 10/(-4)). Let p be 0 + -2 + k - -150. Calculate the highest common factor of 17 and p.
17
Suppose -c = -0*c - 14. Suppose -w + 0*w + 21 = 0. Calculate the highest common factor of c and w.
7
